digit of 1496136?
4
What is the hundreds digit of 10729334?
3
What is the tens digit of 179339?
3
What is the hundreds digit of 351937?
9
What is the tens digit of 264395?
9
What is the units digit of 223882?
2
What is the tens digit of 17508999?
9
What is the units digit of 244573?
3
What is the units digit of 11337558?
8
What is the thousands digit of 275317?
5
What is the units digit of 189293?
3
What is the millions digit of 17466503?
7
What is the ten thousands digit of 184579?
8
What is the ten thousands digit of 29359524?
5
What is the ten thousands digit of 360519?
6
What is the hundred thousands digit of 108115?
1
What is the ten thousands digit of 351973?
5
What is the ten thousands digit of 34126?
3
What is the ten thousands digit of 108125?
0
What is the thousands digit of 2629136?
9
What is the tens digit of 109366?
6
What is the hundred thousands digit of 756761?
7
What is the thousands digit of 175634?
5
What is the hundreds digit of 20971850?
8
What is the units digit of 13281546?
6
What is the tens digit of 143760?
6
What is the hundreds digit of 12346706?
7
What is the thousands digit of 11101?
1
What is the millions digit of 13848628?
3
What is the ten thousands digit of 388595?
8
What is the millions digit of 1353475?
1
What is the hundreds digit of 778743?
7
What is the thousands digit of 956036?
6
What is the units digit of 36246536?
6
What is the hundreds digit of 16054720?
7
What is the ten thousands digit of 4658340?
5
What is the units digit of 2289700?
0
What is the ten thousands digit of 3443135?
4
What is the hundreds digit of 13311958?
9
What is the hundreds digit of 779187?
1
What is the hundreds digit of 7251791?
7
What is the millions digit of 1931557?
1
What is the tens digit of 328892?
9
What is the thousands digit of 80964?
0
What is the ten thousands digit of 637572?
3
What is the units digit of 6208661?
1
What is the units digit of 8802?
2
What is the hundreds digit of 355135?
1
What is the ten thousands digit of 256727?
5
What is the tens digit of 313403?
0
What is the hundreds digit of 166759?
7
What is the hundred thousands digit of 12423830?
4
What is the tens digit of 295348?
4
What is the hundreds digit of 171037?
0
What is the hundreds digit of 157215?
2
What is the thousands digit of 16410200?
0
What is the hundreds digit of 7667718?
7
What is the tens digit of 2899?
9
What is the thousands digit of 1372539?
2
What is the thousands digit of 55786?
5
What is the units digit of 897327?
7
What is the tens digit of 908150?
5
What is the tens digit of 3624360?
6
What is the ten thousands digit of 407755?
0
What is the ten thousands digit of 500112?
0
What is the tens digit of 640650?
5
What is the hundreds digit of 790005?
0
What is the tens digit of 40561550?
5
What is the tens digit of 21600369?
6
What is the ten millions digit of 19200121?
1
What is the hundred thousands digit of 398719?
3
What is the hundred thousands digit of 104847?
1
What is the thousands digit of 583165?
3
What is the millions digit of 1213602?
1
What is the ten thousands digit of 250323?
5
What is the units digit of 1763498?
8
What is the hundreds digit of 406945?
9
What is the hundreds digit of 1778229?
2
What is the hundreds digit of 153879?
8
What is the millions digit of 7943425?
7
What is the hundreds digit of 217631?
6
What is the tens digit of 6093974?
7
What is the units digit of 241325?
5
What is the thousands digit of 1036537?
6
What is the ten thousands digit of 827127?
2
What is the millions digit of 2488525?
2
What is the hundreds digit of 1435849?
8
What is the tens digit of 269761?
6
What is the hundreds digit of 12737460?
4
What is the hundred thousands digit of 4693088?
6
What is the hundreds digit of 14585?
5
What is the tens digit of 327863?
6
What is the hundred thousands digit of 248457?
2
What is the tens digit of 156878?
7
What is the tens digit of 3807136?
3
What is the tens digit of 599943?
4
What is the tens digit of 5658071?
7
What is the thousands digit of 8235537?
5
What is the ten thousands digit of 58442?
5
What is the tens digit of 105848?
4
What is the hundreds digit of 390138?
1
What is the ten millions digit of 15924553?
1
What is the units digit of 94425?
5
What is the units digit of 190695?
5
What is the thousands digit of 1611952?
1
What is the tens digit of 2236245?
4
What is the hundreds digit of 4455338?
3
What is the millions digit of 3657964?
3
What is the units digit of 31348?
8
What is the millions digit of 1478781?
1
What is the hundred thousands digit of 239658?
2
What is the hundred thousands digit of 201503?
2
What is the thousands digit of 209400?
9
What is the tens digit of 1512581?
8
What is the thousands digit of 208773?
8
What is the ten thousands digit of 9275919?
7
What is the tens digit of 9163047?
4
What is the tens digit of 36444?
4
What is the units digit of 519085?
5
What is the hundreds digit of 245917?
9
What is the thousands digit of 10532025?
2
What is the ten thousands digit of 369701?
6
What is the thousands digit of 39605?
9
What is the thousands digit of 568461?
8
What is the ten thousands digit of 3190514?
9
What is the hundred thousands digit of 3481874?
4
What is the millions digit of 1111183?
1
What is the units digit of 681473?
3
What is the ten millions digit of 10476804?
1
What is the hundred thousands digit of 231256?
2
What is the ten thousands digit of 550520?
5
What is the units digit of 456338?
8
What is the hundreds digit of 384757?
7
What is the tens digit of 3834?
3
What is the thousands digit of 83053?
3
What is the tens digit of 1550208?
0
What is the hundreds digit of 22848140?
1
What is the tens digit of 41268?
6
What is the ten thousands digit of 253122?
5
What is the units digit of 80528?
8
What is the hundred thousands digit of 265785?
2
What is the hundreds digit of 715109?
1
What is the tens digit of 351262?
6
What is the tens digit of 9932833?
3
What is the tens digit of 1594833?
3
What is the units digit of 107312?
2
What is the hundred thousands digit of 186888?
1
What is the millions digit of 4539147?
4
What is the ten thousands digit of 34845?
3
What is the units digit of 222171?
1
What is the tens digit of 930382?
8
What is the tens digit of 2832708?
0
What is the ten thousands digit of 3068539?
6
What is the units digit of 10946435?
5
What is the units digit of 1399068?
8
What is the millions digit of 10887624?
0
What is the thousands digit of 108291?
8
What is the units digit of 13167300?
0
What is the hundred thousands digit of 125921?
1
What is the hundreds digit of 1454645?
6
What is the millions digit of 9132111?
9
What is the millions digit of 15547706?
5
What is the ten thousands digit of 30547309?
4
What is the ten thousands digit of 17701824?
0
What is the hundreds digit of 20905196?
1
What is the hundred thousands digit of 30555681?
5
What is the thousands digit of 17095365?
5
What is the hundreds digit of 621157?
1
What is the millions digit of 1245235?
1
What is the ten thousands digit of 106939?
0
What is the thousands digit of 3917570?
7
What is the units digit of 335889?
9
What is the tens digit of 409093?
9
What is the hundreds digit of 171623?
6
What is the units digit of 4972698?
8
What is the tens digit of 840309?
0
What is the units digit of 12131820?
0
What is the millions digit of 3447255?
3
What is the ten thousands digit of 2341290?
4
What is the tens digit of 748214?
1
What is the units digit of 19621769?
9
What is the thousands digit of 535336?
5
What is the ten thousands digit of 52436?
5
What is the hundreds digit of 51352?
3
What is the hundreds digit of 225101?
1
What is the thousands digit of 367917?
7
What is the tens digit of 21263?
6
What is the hundred thousands digit of 921275?
9
What is the hundreds digit of 11991128?
1
What is the hundred thousands digit of 2224321?
2
What is the hundreds digit of 999481?
4
What is the thousands digit of 6206970?
6
What is the millions digit of 1579997?
1
What is the ten thousands digit of 4559265?
5
What is the hundred thousands digit of 645135?
6
What is the hundred thousands digit of 152520?
1
What is the tens digit of 4988564?
6
What is the millions digit of 3765553?
3
What is the millions digit of 4440454?
4
What is the millions digit of 4606617?
4
